{"id":63,"date":"2025-06-03T16:58:46","date_gmt":"2025-06-03T14:58:46","guid":{"rendered":"https:\/\/curadomo.com\/?page_id=63"},"modified":"2026-04-26T15:07:44","modified_gmt":"2026-04-26T13:07:44","slug":"startseite","status":"publish","type":"page","link":"https:\/\/curadomo.com\/","title":{"rendered":"Startseite"},"content":{"rendered":"<p style=\"text-align: center;\">Wir suchen noch Unterst\u00fctzung f\u00fcr unsere&#8230;<\/p>\n<h1 style=\"text-align: center;\">Pflege und Betreuung in Wohngemeinschaften<\/h1>\n<h2 style=\"text-align: center; color: rgb(249, 223, 141) !important; --tcb-applied-color: rgb(249, 223, 141) !important;\">Was uns ausmacht<\/h2>\n<p style=\"text-align: center;\">Seit mittlerweile fast 20 Jahren helfen wir Menschen im fortgeschrittenen Alter dabei, ihre Selbst\u00e4ndigkeit im Alltag aufrechtzuerhalten. Bei uns gibt es keine &#8222;Pflege am Flie\u00dfband&#8220;. Hier steht der Mensch mit seinen Bed\u00fcrfnissen und seiner Einzigartigkeit im Mittelpunkt.&nbsp;<\/p>\n<p style=\"\">Der Mensch<\/p>\n<p style=\"\">steht im Mittelpunkt<\/p>\n<p style=\"text-align: center;\">LSBTIQ+<\/p>\n<p style=\"text-align: center;\">diversit\u00e4tssensible Pflege<\/p>\n<p style=\"text-align: right;\">7 &#8211; 10<\/p>\n<p style=\"text-align: right;\">Klienten pro Wohngemeinschaft<\/p>\n<p><!--! Font Awesome Free 6.7.1 by @fontawesome - https:\/\/fontawesome.com License - https:\/\/fontawesome.com\/license\/free (Icons: CC BY 4.0, Fonts: SIL OFL 1.1, Code: MIT License) Copyright 2024 Fonticons, Inc. --><!--! Font Awesome Free 6.7.1 by @fontawesome - https:\/\/fontawesome.com License - https:\/\/fontawesome.com\/license\/free (Icons: CC BY 4.0, Fonts: SIL OFL 1.1, Code: MIT License) Copyright 2024 Fonticons, Inc. --><\/p>\n<h4 style=\"\">Diese Firma war mein Gl\u00fccksgriff<\/h4>\n<h4 style=\"\">Google Bewertung 5<img decoding=\"async\" role=\"img\" alt=\"\u2b50\" src=\"https:\/\/s.w.org\/images\/core\/emoji\/15.1.0\/svg\/2b50.svg\"><\/h4>\n<p style=\"\">Einfach tolle Firma, F\u00fchrungsebene behandelt Mitarbeiter auf Augenh\u00f6he. Das Wohlsein der Bewohner steht an erster Stelle. F\u00fchle mich dort sehr wohl und angekommen. Hab viel in der Pflege erlebt und wei\u00df genau wor\u00fcber ich schreibe. Diese Firma war mein Gl\u00fccksgriff.<\/p>\n<p><!--! Font Awesome Free 6.7.1 by @fontawesome - https:\/\/fontawesome.com License - https:\/\/fontawesome.com\/license\/free (Icons: CC BY 4.0, Fonts: SIL OFL 1.1, Code: MIT License) Copyright 2024 Fonticons, Inc. --><!--! Font Awesome Free 6.7.1 by @fontawesome - https:\/\/fontawesome.com License - https:\/\/fontawesome.com\/license\/free (Icons: CC BY 4.0, Fonts: SIL OFL 1.1, Code: MIT License) Copyright 2024 Fonticons, Inc. --><!--! Font Awesome Free 6.7.1 by @fontawesome - https:\/\/fontawesome.com License - https:\/\/fontawesome.com\/license\/free (Icons: CC BY 4.0, Fonts: SIL OFL 1.1, Code: MIT License) Copyright 2024 Fonticons, Inc. --><\/p>\n<h4 style=\"\">Ich bin sehr froh diesen Dienst gefunden zu haben<\/h4>\n<h4 style=\"\">Google Bewertung 5<img decoding=\"async\" role=\"img\" alt=\"\u2b50\" src=\"https:\/\/s.w.org\/images\/core\/emoji\/15.1.0\/svg\/2b50.svg\"><\/h4>\n<p style=\"\">Mein Vater wird in einer Pflege-WG von CuraDomo versorgt. Die MitarbeiterInnen sind sehr nett und bem\u00fcht, k\u00fcmmern sich um alles und sind immer freundlich und ansprechbar. Ich bin sehr froh, diesen Dienst gefunden zu haben!<\/p>\n<p><!--! Font Awesome Free 6.7.1 by @fontawesome - https:\/\/fontawesome.com License - https:\/\/fontawesome.com\/license\/free (Icons: CC BY 4.0, Fonts: SIL OFL 1.1, Code: MIT License) Copyright 2024 Fonticons, Inc. --><!--! Font Awesome Free 6.7.1 by @fontawesome - https:\/\/fontawesome.com License - https:\/\/fontawesome.com\/license\/free (Icons: CC BY 4.0, Fonts: SIL OFL 1.1, Code: MIT License) Copyright 2024 Fonticons, Inc. --><!--! Font Awesome Free 6.7.1 by @fontawesome - https:\/\/fontawesome.com License - https:\/\/fontawesome.com\/license\/free (Icons: CC BY 4.0, Fonts: SIL OFL 1.1, Code: MIT License) Copyright 2024 Fonticons, Inc. --><\/p>\n<h4 style=\"\">Meine Mutter ist seit 10 Jahren bei CuraDomo<\/h4>\n<h4 style=\"\">Google Bewertung 5<img decoding=\"async\" role=\"img\" alt=\"\u2b50\" src=\"https:\/\/s.w.org\/images\/core\/emoji\/15.1.0\/svg\/2b50.svg\"><\/h4>\n<p style=\"\">Meine Mutter ist seit 10 Jahren bei CuraDomo und wir sind beide sehr zufrieden. Zu erw\u00e4hnen w\u00e4ren vor allem die kompetenten Pflegekr\u00e4fte, die auf die W\u00fcnsche meiner Mutter und auf meine Anliegen eingehen und uns immer mit Rat und Tat zur Seite stehen.<\/p>\n<p><!--! Font Awesome Free 6.7.1 by @fontawesome - https:\/\/fontawesome.com License - https:\/\/fontawesome.com\/license\/free (Icons: CC BY 4.0, Fonts: SIL OFL 1.1, Code: MIT License) Copyright 2024 Fonticons, Inc. --><\/p>\n<h4 style=\"\">Tolles Pflegeteam, einf\u00fchlsam, hilfsbereit, sympathisch<\/h4>\n<h4 style=\"\">Google Bewertung 5<img decoding=\"async\" role=\"img\" alt=\"\u2b50\" src=\"https:\/\/s.w.org\/images\/core\/emoji\/15.1.0\/svg\/2b50.svg\"><\/h4>\n<p style=\"\">Tolles Pflegeteam, einf\u00fchlsam, hilfsbereit, sympathisch. Gro\u00dfes Lob an alle Mitarbeitenden, die wirklich eine sehr gute Arbeit leisten und die Pflegebed\u00fcrftigen emphatisch unterst\u00fctzen.<\/p>\n<p><!--! Font Awesome Free 6.7.1 by @fontawesome - https:\/\/fontawesome.com License - https:\/\/fontawesome.com\/license\/free (Icons: CC BY 4.0, Fonts: SIL OFL 1.1, Code: MIT License) Copyright 2024 Fonticons, Inc. --><!--! Font Awesome Free 6.7.1 by @fontawesome - https:\/\/fontawesome.com License - https:\/\/fontawesome.com\/license\/free (Icons: CC BY 4.0, Fonts: SIL OFL 1.1, Code: MIT License) Copyright 2024 Fonticons, Inc. -->[tcb-script]  function duplicateChildNodes(parent) {    NodeList.prototype.forEach = Array.prototype.forEach;    var children = parent.childNodes;    children.forEach(function (item) {      var cln = item.cloneNode(true);      parent.appendChild(cln);    });  }  function setIndicatorActive(container, slideId) {    const currentIndicator = container.querySelector(      &#8222;[data-slide='&#8220; + slideId + &#8222;&#8218;]&#8220;    );    const slideIndicators = container.getElementsByClassName(      &#8222;dl-slide-indicator-icon&#8220;    );    for (let i = 0; i &lt; slideIndicators.length; i++) {      slideIndicators[i].classList.add(&#8222;inactive&#8220;);    }    if (currentIndicator) {      currentIndicator.classList.remove(&#8222;inactive&#8220;);    } else {      slideIndicators[0].classList.remove(&#8222;inactive&#8220;);    }  }  function setIndexActive(container, slideId) {    container.setAttribute(&#8222;data-slide&#8220;, slideId);    setIndicatorActive(container, slideId);  }  function indicatorClicked(    event,    container,    slider,    scrollWidth,    normalTranslate,    frontSlidesCount,    backSlidesCount  ) {    console.log(&#8222;indicatorClicked wurde aufgerufen&#8220;);    console.log(&#8222;normalTranslate: &#8220; + normalTranslate);    const currentSlideId = parseInt(container.getAttribute(&#8222;data-slide&#8220;));    console.log(&#8222;currentSlideId: &#8220; + currentSlideId);    let newlySelectedIndicator = event.target;    if (!newlySelectedIndicator.classList.contains(&#8222;dl-slide-indicator-icon&#8220;)) {      newlySelectedIndicator = event.target.closest(&#8222;.dl-slide-indicator-icon&#8220;);    }    console.log(newlySelectedIndicator);    const newSlideId = parseInt(      newlySelectedIndicator.getAttribute(&#8222;data-slide&#8220;)    );    container.setAttribute(&#8222;data-prev-slide&#8220;, currentSlideId);    console.log(&#8222;newSlideId: &#8220; + newSlideId);    const slidesCount = container.querySelectorAll(&#8222;.dl-slide&#8220;).length;    let newTranslate;    if (currentSlideId &gt; newSlideId) {      \/\/ r\u00fcckw\u00e4rts kann nur gescrollt werden, wenn gen\u00fcgend Slides vorne vorhanden sind      if (currentSlideId &#8211; newSlideId &gt; frontSlidesCount) {        newTranslate =          normalTranslate +          (frontSlidesCount + backSlidesCount &#8211; (currentSlideId &#8211; newSlideId)) *            scrollWidth;      } else {        newTranslate =          normalTranslate &#8211; (currentSlideId &#8211; newSlideId) * scrollWidth;      }    } else {      \/\/ vorw\u00e4rts kann immer gescrollt werden (es sind immer genug Slides vorhanden)      newTranslate =        normalTranslate + (newSlideId &#8211; currentSlideId) * scrollWidth;    }    console.log(newTranslate);    setIndexActive(container, newSlideId);    slider.style.transform = `translate(-${newTranslate}%)`;  }  function addSlides(    slider,    slides,    visibleSlideCount,    frontSlides,    backSlides,    normalTranslate  ) {    let i;    let firstChild = slides[0];    for (i = 0; i &lt; frontSlides.length; i++) {      const copiedSlide = frontSlides[i].cloneNode(true);      slider.insertBefore(copiedSlide, firstChild);    }    const scrollWidth = slider.getAttribute(&#8222;data-scroll-width&#8220;);    slider.style.transform = `translate(-${normalTranslate}%)`;    for (i = 0; i &lt; backSlides.length; i++) {      slider.appendChild(backSlides[i].cloneNode(true));    }  }  function nextSlide(    event,    container,    slideCount,    slider,    visibleSlideCount,    scrollWidth,    normalTranslate  ) {    const currentSlideIndex = parseInt(container.getAttribute(&#8222;data-slide&#8220;));    container.setAttribute(&#8222;data-prev-slide&#8220;, currentSlideIndex);    const translate = normalTranslate + scrollWidth;    slider.style.transform = `translate(-${translate}%)`;    const newSlideIndex =      currentSlideIndex + 1 &lt; slideCount ? currentSlideIndex + 1 : 0;    setIndexActive(container, newSlideIndex);  }  function prevSlide(    event,    container,    slideCount,    slider,    visibleSlideCount,    scrollWidth,    normalTranslate  ) {    const currentSlideIndex = parseInt(container.getAttribute(&#8222;data-slide&#8220;));    container.setAttribute(&#8222;data-prev-slide&#8220;, currentSlideIndex);    const translate = normalTranslate &#8211; scrollWidth;    slider.style.transform = `translate(-${translate}%)`;    const newSlideIndex =      currentSlideIndex &#8211; 1 &gt;= 0 ? currentSlideIndex &#8211; 1 : slideCount;    setIndexActive(container, newSlideIndex);  }  function transitionEnded(    event,    container,    slider,    scrollWidth,    visibleSlideCount,    normalTranslate  ) {    \/\/ console.log(&#8222;transition ended&#8220;);    const prevSlideId = parseInt(container.getAttribute(&#8222;data-prev-slide&#8220;));    \/\/ console.log(&#8222;prevSlideId: &#8222;+prevSlideId)    const currentSlideId = parseInt(container.getAttribute(&#8222;data-slide&#8220;));    \/\/ console.log(&#8222;currentSlideId: &#8222;+currentSlideId)    const slideDiff = currentSlideId &#8211; prevSlideId;    \/\/ console.log(&#8222;slideDiff: &#8222;+slideDiff);    if (slideDiff &gt; 0) {      \/\/ es wurde weiter gescrollt      \/\/ console.log(&#8222;Es wurde weiter gescrollt. Verschiebe &#8222;+slideDiff+&#8220; Elemente nach hinten.&#8220;);      for (let i = 0; i &lt; Math.abs(slideDiff); i++) {        slider.appendChild(slider.firstElementChild);      }    } else if (slideDiff &lt; 0) {      \/\/ es wurde zur\u00fcck gescrollt      \/\/ console.log(&#8222;Es wurde zur\u00fcck gescrollt. Verschiebe &#8222;+slideDiff+&#8220; Elemente nach vorne.&#8220;);      for (let i = 0; i &lt; Math.abs(slideDiff); i++) {        slider.prepend(slider.lastElementChild);      }    }    slider.style.transition = &#8222;none&#8220;;    slider.style.transform = `translate(-${normalTranslate}%)`;    setTimeout(function () {      slider.style.transition = &#8222;transform 0.5s&#8220;;    });  }  function createMediaController(    container,    next_slider_icon,    prev_slider_icon,    slide_indicator_icon,    visibleSlideCount  ) {    console.log(&#8222;createMediaController() gestartet&#8220;);    let slideIndex = 0;    const slides = Array.from(container.querySelectorAll(&#8222;.dl-slide&#8220;));    const slideCount = slides.length;    const frontSlides = slides.slice(-Math.ceil(slides.length \/ 2));    const frontSlidesCount = frontSlides.length;    const backSlides = slides.slice(0, Math.floor(slides.length \/ 2));    const backSlidesCount = backSlides.length;    const slidesCount = slides.length;    const slideWidth = 100 \/ visibleSlideCount;    const scrollWidth = slideWidth \/ ((slidesCount * 2) \/ visibleSlideCount);    const normalTranslate = scrollWidth * frontSlides.length;    const carousel = document.createElement(&#8222;div&#8220;);    carousel.classList.add(&#8222;dl-carousel&#8220;);    const slider = document.createElement(&#8222;div&#8220;);    slider.setAttribute(&#8222;data-slide-width&#8220;, slideWidth);    slider.setAttribute(&#8222;data-scroll-width&#8220;, scrollWidth);    slider.classList.add(&#8222;dl-media-scroller&#8220;, &#8222;dl-media-scroller-snaps&#8220;);    slider.style.scrollPaddingInline = `${      100 \/ slidesCount \/ visibleSlideCount    }%`;    slider.style.width = `${(100 * (slidesCount * 2)) \/ visibleSlideCount}%`;    slider.addEventListener(&#8222;transitionend&#8220;, function (e) {      transitionEnded(        e,        container,        slider,        scrollWidth,        visibleSlideCount,        normalTranslate      );    });    carousel.appendChild(slider);    container.appendChild(carousel);    next_slider_icon.addEventListener(&#8222;click&#8220;, function (e) {      nextSlide(        e,        container,        slideCount,        slider,        visibleSlideCount,        scrollWidth,        normalTranslate      );    });    prev_slider_icon.addEventListener(&#8222;click&#8220;, function (e) {      prevSlide(        e,        container,        slideCount,        slider,        visibleSlideCount,        scrollWidth,        normalTranslate      );    });    console.log(&#8222;Adding indicator container&#8220;);    const indicator_container = document.createElement(&#8222;div&#8220;);    indicator_container.classList.add(&#8222;dl-slide-indicator-container&#8220;);    container.appendChild(indicator_container);    container.addEventListener(&#8222;mouseenter&#8220;, () =&gt; {      autoScroll(container, false);    });    container.addEventListener(&#8222;mouseleave&#8220;, () =&gt; {      autoScroll(container, true);    });    setIndexActive(container, 0);    for (let i = 0; i &lt; slides.length; i++) {      const next_slide = slides[i];      console.log(&#8222;Adding slide: &#8220; + (slideIndex + 1));      slider.appendChild(next_slide);      next_slide.style.flexBasis = `${slideWidth}%`;      next_slide.style.width = `${slideWidth}%`;      const new_indicator = slide_indicator_icon.cloneNode(true);      if (slideIndex != 0) {        new_indicator.classList.add(&#8222;inactive&#8220;);      }      new_indicator.addEventListener(&#8222;click&#8220;, function (e) {        indicatorClicked(          e,          container,          slider,          scrollWidth,          normalTranslate,          frontSlidesCount,          backSlidesCount        );      });      new_indicator.setAttribute(&#8222;data-slide&#8220;, slideIndex);      slideIndex++;      indicator_container.appendChild(new_indicator);    }    slide_indicator_icon.remove();    addSlides(      slider,      slides,      visibleSlideCount,      frontSlides,      backSlides,      normalTranslate    );  }  function setupSliders() {    let intervalCallback = null;    function autoScroll(container, isActive) {      if (!isActive) {        if (intervalCallback) {          clearInterval(intervalCallback);          intervalCallback = null;        }      } else {        intervalCallback = setInterval(() =&gt; {          container.querySelector(&#8222;.dl-next-slider-icon&#8220;).click();        }, 2000);      }    }    const sliders = document.getElementsByClassName(&#8222;dl-slider-block&#8220;);    console.log(&#8222;Found &#8220; + sliders.length + &#8220; sliders&#8220;);    for (let i = 0; i &lt; sliders.length; i++) {      console.log(&#8222;Setting up slider &#8220; + i);      const slider = sliders[i];      const countClass = [&#8230;slider.classList].find((cls) =&gt;        cls.startsWith(&#8222;slide-count-&#8222;)      ); \/\/ z.B. &#8222;slide-count-3&#8220;      const visibleSlideCount = countClass        ? parseInt(countClass.split(&#8222;-&#8222;).pop(), 10) \/\/ ergibt 3        : 1;      const next_slider_icon = slider.getElementsByClassName(        &#8222;dl-next-slider-icon&#8220;      )[0];      const prev_slider_icon = slider.getElementsByClassName(        &#8222;dl-prev-slider-icon&#8220;      )[0];      const slide_indicator_icon = slider.getElementsByClassName(        &#8222;dl-slide-indicator-icon&#8220;      )[0];      console.log(next_slider_icon);      const container = next_slider_icon.parentElement;      if (!container) {        console.error(&#8222;Container for slider not found. Skipping slider setup.&#8220;);        continue;      }      container.classList.add(&#8222;dl-slider-container&#8220;);      createMediaController(        container,        next_slider_icon,        prev_slider_icon,        slide_indicator_icon,        visibleSlideCount      );    }  }  document.addEventListener(&#8222;DOMContentLoaded&#8220;, function () {    console.log(&#8222;DOMContentLoaded event fired&#8220;);    if (!window.dl_slider) {      console.log(&#8222;Sliders not yet set up, start setup.&#8220;);      setupSliders();      window.dl_slider = true;    } else {      console.log(&#8222;Sliders already set up, skipping setup.&#8220;);    }  });[\/tcb-script]<\/p>\n<h2 style=\"text-align: center; color: var(--tcb-color-4) !important; --tcb-applied-color: var$(--tcb-color-4) !important;\">Was einige unserer Mitarbeitenden sagen*<\/h2>\n<h4 style=\"\">&#8222;<\/h4>\n<p style=\"\">Meine Vorgesetzten haben immer ein offenes Ohr, sei es arbeitsbedingt aber auch privat. Gemeinsam findet man immer eine L\u00f6sung, was ich sehr sch\u00e4tze!<\/p>\n<p style=\"\">Das Arbeiten ist in meinen Augen auch sehr angenehm, da in kleinen Wohngemeinschaften gearbeitet wird. Es schafft eine famili\u00e4re Atmosph\u00e4re, worauf ich auch Wert lege und das hat mein Arbeitgeber geschafft.&nbsp;<\/p>\n<h4 style=\"\">&#8222;<\/h4>\n<p style=\"\">Ich mag die Atmosph\u00e4re hier sehr. Es wird darauf geachtet, insofern es kommuniziert wird, dass bei Konflikten Supervision oder Einzelgespr\u00e4che gef\u00fchrt werden.<\/p>\n<h4 style=\"\">&#8222;<\/h4>\n<p style=\"\"><em>Gut am Arbeitgeber finde ich<\/em>, dass man immer offen und ehrlich kommunizieren kann. Bis jetzt wurde f\u00fcr jedes Problem eine L\u00f6sung gefunden. Wenn es an etwas fehlt, dauert es nicht lange und es ist vorhanden.<\/p>\n<h4 style=\"\">&#8222;<\/h4>\n<p style=\"\"><em>Gut am Arbeitgeber finde ich<\/em>, dass man immer geh\u00f6rt wird und Ideen und Vorschl\u00e4ge ernst genommen und auch teilweise umgesetzt werden. Leider musste ich die Firma aus privaten Gr\u00fcnden verlassen und lebe nicht mehr in Berlin. Es war eine sch\u00f6ne Atmosph\u00e4re in der WG.<\/p>\n<h4 style=\"\">&#8222;<\/h4>\n<p style=\"\">Der einzige Anbieter in der Pflege, bei dem ich nach \u00fcber 12 Jahren in der Pflege jederzeit und wieder anfangen w\u00fcrde. Ich mag sehr, dass jeder seine W\u00fcnsche und Ideen einbringen kann und grunds\u00e4tzlich immer das Wohl des Bewohners \u00fcber allem steht.<\/p>\n<h4 style=\"\">&#8222;<\/h4>\n<p style=\"\"><em>Gut am Arbeitgeber finde ich<\/em> die flache Hierarchie. Die Kommunikation im Team ist manchmal etwas ausbauf\u00e4hig. [Aber] Beide PDLs sind nahe am Team dran und haben immer ein offenes Ohr.<\/p>\n<h4 style=\"\">&#8222;<\/h4>\n<p style=\"\">Meine Vorgesetzten haben immer ein offenes Ohr, sei es arbeitsbedingt aber auch privat. Gemeinsam findet man immer eine L\u00f6sung, was ich sehr sch\u00e4tze!<\/p>\n<p style=\"\">Das Arbeiten ist in meinen Augen auch sehr angenehm, da in kleinen Wohngemeinschaften gearbeitet wird. Es schafft eine famili\u00e4re Atmosph\u00e4re, worauf ich auch Wert lege und das hat mein Arbeitgeber geschafft.&nbsp;<\/p>\n<h4 style=\"\">&#8222;<\/h4>\n<p style=\"\">Ich mag die Atmosph\u00e4re hier sehr. Es wird darauf geachtet, insofern es kommuniziert wird, dass bei Konflikten Supervision oder Einzelgespr\u00e4che gef\u00fchrt werden.<\/p>\n<h4 style=\"\">&#8222;<\/h4>\n<p style=\"\"><em>Gut am Arbeitgeber finde ich<\/em> die flache Hierarchie. Die Kommunikation im Team ist manchmal etwas ausbauf\u00e4hig. [Aber] Beide PDLs sind nahe am Team dran und haben immer ein offenes Ohr.<\/p>\n<h4 style=\"\">&#8222;<\/h4>\n<p style=\"\"><em>Gut am Arbeitgeber finde ich<\/em>, dass man immer offen und ehrlich kommunizieren kann. Bis jetzt wurde f\u00fcr jedes Problem eine L\u00f6sung gefunden. Wenn es an etwas fehlt, dauert es nicht lange und es ist vorhanden.<\/p>\n<h4 style=\"\">&#8222;<\/h4>\n<p style=\"\"><em>Gut am Arbeitgeber finde ich<\/em>, dass man immer geh\u00f6rt wird und Ideen und Vorschl\u00e4ge ernst genommen und auch teilweise umgesetzt werden. Leider musste ich die Firma aus privaten Gr\u00fcnden verlassen und lebe nicht mehr in Berlin. Es war eine sch\u00f6ne Atmosph\u00e4re in der WG.<\/p>\n<h4 style=\"\">&#8222;<\/h4>\n<p style=\"\">Der einzige Anbieter in der Pflege, bei dem ich nach \u00fcber 12 Jahren in der Pflege jederzeit und wieder anfangen w\u00fcrde. Ich mag sehr, dass jeder seine W\u00fcnsche und Ideen einbringen kann und grunds\u00e4tzlich immer das Wohl des Bewohners \u00fcber allem steht.<\/p>\n<p style=\"color: var(--tcb-color-4) !important; --tcb-applied-color: var$(--tcb-color-4) !important; text-align: center;\">*Aussagen wurden anonym auf der Plattform Kununu von aktiven und ehemaligen Mitarbeitenden getroffen<\/p>\n<p style=\"text-align: center;\">Pflege, die den Menschen in seiner Einzigartigkeit sieht<\/p>\n<h2 style=\"text-align: center;\">\u00dcber uns<\/h2>\n<p data-end=\"361\" data-start=\"0\" style=\"\">CuraDomo wurde im Jahr 2007 mit dem Ziel gegr\u00fcndet, Pflege n\u00e4her am Menschen und seinen individuellen Bed\u00fcrfnissen auszurichten. Im Mittelpunkt unseres Handelns steht der personenzentrierte Ansatz des britischen Psychologen Tom Kitwood, der den Menschen nicht auf seine Krankheit reduziert, sondern als Ganzes begreift \u2013 mit seiner Lebensgeschichte, seinen Erfahrungen, Beziehungen, Werten und Vorlieben. Wir legen gro\u00dfen Wert auf eine biografieorientierte Pflege, die die pers\u00f6nliche Geschichte jedes Einzelnen respektiert und aktiv einbezieht. Denn nur wer versteht, woher ein Mensch kommt, was ihm wichtig ist und was ihn gepr\u00e4gt hat, kann ihm wirklich gerecht werden. So schaffen wir eine Atmosph\u00e4re der W\u00fcrde, des Respekts und der Geborgenheit \u2013 unabh\u00e4ngig von Geschlecht, Herkunft, sexueller Orientierung oder anderen pers\u00f6nlichen Merkmalen. Unsere Pflege richtet sich nicht nur nach medizinischen Erfordernissen, sondern auch nach dem, was Menschen brauchen, um sich gesehen, verstanden und angenommen zu f\u00fchlen.<\/p>\n<p style=\"text-align: center;\">Einfach Zusammengefasst<\/p>\n<h2 style=\"\">Unser Versprechen:<\/h2>\n<h3 style=\"text-align: left;\">Ein sch\u00f6nes Zuhause f\u00fcr Bewohner*innen&#8230;&nbsp;<\/h3>\n<h3 style=\"text-align: right;\">&#8230;und ein erstklassiger Arbeitgeber f\u00fcr Pflegekr\u00e4fte<\/h3>\n","protected":false},"excerpt":{"rendered":"<p>Wir suchen noch Unterst\u00fctzung f\u00fcr unsere&#8230; Pflege und Betreuung in Wohngemeinschaften Was uns ausmacht Seit mittlerweile fast 20 Jahren helfen wir Menschen im fortgeschrittenen Alter dabei, ihre Selbst\u00e4ndigkeit im Alltag aufrechtzuerhalten. Bei uns gibt es keine &#8222;Pflege am Flie\u00dfband&#8220;. Hier steht der Mensch mit seinen Bed\u00fcrfnissen und seiner Einzigartigkeit im Mittelpunkt.&nbsp; Der Mensch steht im [&hellip;]<\/p>\n","protected":false},"author":1,"featured_media":0,"parent":0,"menu_order":0,"comment_status":"closed","ping_status":"closed","template":"","meta":{"footnotes":""},"class_list":["post-63","page","type-page","status-publish","hentry","post-wrapper","thrv_wrapper"],"_links":{"self":[{"href":"https:\/\/curadomo.com\/index.php?rest_route=\/wp\/v2\/pages\/63","targetHints":{"allow":["GET"]}}],"collection":[{"href":"https:\/\/curadomo.com\/index.php?rest_route=\/wp\/v2\/pages"}],"about":[{"href":"https:\/\/curadomo.com\/index.php?rest_route=\/wp\/v2\/types\/page"}],"author":[{"embeddable":true,"href":"https:\/\/curadomo.com\/index.php?rest_route=\/wp\/v2\/users\/1"}],"replies":[{"embeddable":true,"href":"https:\/\/curadomo.com\/index.php?rest_route=%2Fwp%2Fv2%2Fcomments&post=63"}],"version-history":[{"count":301,"href":"https:\/\/curadomo.com\/index.php?rest_route=\/wp\/v2\/pages\/63\/revisions"}],"predecessor-version":[{"id":674,"href":"https:\/\/curadomo.com\/index.php?rest_route=\/wp\/v2\/pages\/63\/revisions\/674"}],"wp:attachment":[{"href":"https:\/\/curadomo.com\/index.php?rest_route=%2Fwp%2Fv2%2Fmedia&parent=63"}],"curies":[{"name":"wp","href":"https:\/\/api.w.org\/{rel}","templated":true}]}}